{"id":69,"date":"2018-11-11T22:46:18","date_gmt":"2018-11-11T22:46:18","guid":{"rendered":"http:\/\/www.marlspielt.de\/?page_id=69"},"modified":"2023-05-05T21:31:58","modified_gmt":"2023-05-05T19:31:58","slug":"impressum","status":"publish","type":"page","link":"https:\/\/www.marlspielt.de\/?page_id=69","title":{"rendered":"Impressum"},"content":{"rendered":"\n<p class=\"has-black-color has-white-background-color has-text-color has-background\"><strong>Marl spielt! e.V.<\/strong><\/p>\n\n\n\n<div class=\"wp-block-group\"><div class=\"wp-block-group__inner-container is-layout-flow wp-block-group-is-layout-flow\">\n<p class=\"has-black-color has-white-background-color has-text-color has-background\">Bergstra\u00dfe 228a<br>Marler Stern 10E<\/p>\n\n\n\n<p class=\"has-black-color has-white-background-color has-text-color has-background\">45768 Marl<\/p>\n<\/div><\/div>\n\n\n\n<p class=\"has-black-color has-white-background-color has-text-color has-background\">Marl spielt! e.V. ist eingetragen und registriert im Vereinsregister des Amtsgerichts Gelsenkirchen unter der Registernummer VR 2243.<\/p>\n\n\n\n<p class=\"has-black-color has-white-background-color has-text-color has-background\">Der Verein wird durch den Vorstand vertreten.<\/p>\n\n\n\n<p class=\"has-black-color has-white-background-color has-text-color has-background\"><\/p>\n\n\n\n<p class=\"has-black-color has-white-background-color has-text-color has-background\"><strong>Kontakt:<\/strong><\/p>\n\n\n\n<p class=\"has-black-color has-white-background-color has-text-color has-background\">Erreichbarkeit der Spieliothek und des Vereins:<\/p>\n\n\n\n<p class=\"has-black-color has-white-background-color has-text-color has-background\">B\u00fcro der Spieliothek:<br>Dienstag und Donnerstag: 10.30 bis 13.30 Uhr<br>Mittwoch: 10:00 bis 13:30 Uhr<\/p>\n\n\n\n<p class=\"has-black-color has-white-background-color has-text-color has-background\">\u00d6ffnungszeiten der Spieliothek:<br>Dienstag bis Donnerstag: 14:30 bis 18: 30 Uhr<\/p>\n\n\n\n<p class=\"has-black-color has-white-background-color has-text-color has-background\">Vereins-Anmeldungen k\u00f6nnen in der Spieliothek abgegeben werden oder per Mail direkt an uns: info@marlspielt.de<\/p>\n\n\n\n<p class=\"has-black-color has-white-background-color has-text-color has-background\">Bitte beachtet, dass die Vereinsanmeldung vollst\u00e4ndig und richtig ausgef\u00fcllt und unterschrieben wurde. Anbei m\u00fcssen auch die <em>datenschutzrechtlichen Hinweise<\/em> auf S. 2\/2 unterschrieben werden!<\/p>\n\n\n\n<p class=\"has-black-color has-white-background-color has-text-color has-background\">Telefon der Spieliothek:&nbsp;02365\/994204<\/p>\n\n\n\n<p class=\"has-black-color has-white-background-color has-text-color has-background\">Email des Vereins: info@marlspielt.de<br>Email der Spieliothek: spieliothek@marl.de<\/p>\n\n\n\n<p class=\"has-black-color has-white-background-color has-text-color has-background\"><a href=\"https:\/\/www.marl.de\/leben-wohnen\/freizeit-tourismus\/spieliothek\/\">Internetseite der Spieliothek<\/a><\/p>\n","protected":false},"excerpt":{"rendered":"<p>Marl spielt! e.V. Bergstra\u00dfe 228aMarler Stern 10E 45768 Marl Marl spielt! e.V. ist eingetragen und registriert im Vereinsregister des Amtsgerichts<\/p>\n","protected":false},"author":1,"featured_media":0,"parent":0,"menu_order":7,"comment_status":"closed","ping_status":"closed","template":"","meta":{"footnotes":""},"class_list":["post-69","page","type-page","status-publish","hentry","comments-off"],"_links":{"self":[{"href":"https:\/\/www.marlspielt.de\/index.php?rest_route=\/wp\/v2\/pages\/69","targetHints":{"allow":["GET"]}}],"collection":[{"href":"https:\/\/www.marlspielt.de\/index.php?rest_route=\/wp\/v2\/pages"}],"about":[{"href":"https:\/\/www.marlspielt.de\/index.php?rest_route=\/wp\/v2\/types\/page"}],"author":[{"embeddable":true,"href":"https:\/\/www.marlspielt.de\/index.php?rest_route=\/wp\/v2\/users\/1"}],"replies":[{"embeddable":true,"href":"https:\/\/www.marlspielt.de\/index.php?rest_route=%2Fwp%2Fv2%2Fcomments&post=69"}],"version-history":[{"count":17,"href":"https:\/\/www.marlspielt.de\/index.php?rest_route=\/wp\/v2\/pages\/69\/revisions"}],"predecessor-version":[{"id":1586,"href":"https:\/\/www.marlspielt.de\/index.php?rest_route=\/wp\/v2\/pages\/69\/revisions\/1586"}],"wp:attachment":[{"href":"https:\/\/www.marlspielt.de\/index.php?rest_route=%2Fwp%2Fv2%2Fmedia&parent=69"}],"curies":[{"name":"wp","href":"https:\/\/api.w.org\/{rel}","templated":true}]}}