{"id":144,"date":"2018-11-12T14:06:42","date_gmt":"2018-11-12T14:06:42","guid":{"rendered":"http:\/\/www.marlspielt.de\/?page_id=144"},"modified":"2022-12-14T14:10:41","modified_gmt":"2022-12-14T13:10:41","slug":"mitglied-werden","status":"publish","type":"page","link":"https:\/\/www.marlspielt.de\/?page_id=144","title":{"rendered":"Mitglied werden"},"content":{"rendered":"\n<div class=\"wp-block-group is-style-plain\"><div class=\"wp-block-group__inner-container is-layout-flow wp-block-group-is-layout-flow\">\n<p class=\"has-white-background-color has-background\">Hier findest Du unsere <a href=\"https:\/\/www.marlspielt.de\/wp-content\/uploads\/2019\/12\/Beitrittserklaerung27082020.pdf\">Beitrittserkl\u00e4rung<\/a><\/p>\n\n\n\n<p class=\"has-white-background-color has-background\">Bitte beachte und unterschreibe auch die <strong>datenschutzrechtlichen<\/strong> <strong>Hinweise<\/strong> auf der R\u00fcckseite des Beitrittsformulars.<\/p>\n\n\n\n<p class=\"has-white-background-color has-background\">Beitrittserkl\u00e4rungen k\u00f6nnen in der Spieliothek abgegeben werden<\/p>\n<\/div><\/div>\n","protected":false},"excerpt":{"rendered":"<p>Hier findest Du unsere Beitrittserkl\u00e4rung Bitte beachte und unterschreibe auch die datenschutzrechtlichen Hinweise auf der R\u00fcckseite des Beitrittsformulars. Beitrittserkl\u00e4rungen k\u00f6nnen<\/p>\n","protected":false},"author":1,"featured_media":0,"parent":18,"menu_order":1,"comment_status":"closed","ping_status":"closed","template":"","meta":{"footnotes":""},"class_list":["post-144","page","type-page","status-publish","hentry","comments-off"],"_links":{"self":[{"href":"https:\/\/www.marlspielt.de\/index.php?rest_route=\/wp\/v2\/pages\/144","targetHints":{"allow":["GET"]}}],"collection":[{"href":"https:\/\/www.marlspielt.de\/index.php?rest_route=\/wp\/v2\/pages"}],"about":[{"href":"https:\/\/www.marlspielt.de\/index.php?rest_route=\/wp\/v2\/types\/page"}],"author":[{"embeddable":true,"href":"https:\/\/www.marlspielt.de\/index.php?rest_route=\/wp\/v2\/users\/1"}],"replies":[{"embeddable":true,"href":"https:\/\/www.marlspielt.de\/index.php?rest_route=%2Fwp%2Fv2%2Fcomments&post=144"}],"version-history":[{"count":9,"href":"https:\/\/www.marlspielt.de\/index.php?rest_route=\/wp\/v2\/pages\/144\/revisions"}],"predecessor-version":[{"id":1456,"href":"https:\/\/www.marlspielt.de\/index.php?rest_route=\/wp\/v2\/pages\/144\/revisions\/1456"}],"up":[{"embeddable":true,"href":"https:\/\/www.marlspielt.de\/index.php?rest_route=\/wp\/v2\/pages\/18"}],"wp:attachment":[{"href":"https:\/\/www.marlspielt.de\/index.php?rest_route=%2Fwp%2Fv2%2Fmedia&parent=144"}],"curies":[{"name":"wp","href":"https:\/\/api.w.org\/{rel}","templated":true}]}}